{"id":161,"date":"2018-10-17T11:48:16","date_gmt":"2018-10-17T11:48:16","guid":{"rendered":"https:\/\/olfabenhamouda.com\/index.php\/services\/"},"modified":"2024-06-18T20:27:00","modified_gmt":"2024-06-18T20:27:00","slug":"services-en-ligne","status":"publish","type":"page","link":"https:\/\/olfabenhamouda.com\/index.php\/services-en-ligne\/","title":{"rendered":"Services"},"content":{"rendered":"\t\t<div data-elementor-type=\"wp-post\" data-elementor-id=\"161\" class=\"elementor elementor-161\">\n\t\t\t\t\t\t<section class=\"elementor-section elementor-top-section elementor-element elementor-element-87857a7 elementor-section-height-min-height elementor-section-boxed elementor-section-height-default elementor-section-items-middle\" data-id=\"87857a7\" data-element_type=\"section\" data-settings=\"{&quot;background_background&quot;:&quot;classic&quot;}\">\n\t\t\t\t\t\t\t<div class=\"elementor-background-overlay\"><\/div>\n\t\t\t\t\t\t\t<div class=\"elementor-container elementor-column-gap-default\">\n\t\t\t\t\t<div class=\"aux-parallax-section elementor-column elementor-col-100 elementor-top-column elementor-element elementor-element-9658278\" data-id=\"9658278\" data-element_type=\"column\">\n\t\t\t<div class=\"elementor-widget-wrap elementor-element-populated\">\n\t\t\t\t\t\t<div class=\"elementor-element elementor-element-5293ce5 aux-appear-watch-animation aux-fade-in-up elementor-widget elementor-widget-aux_modern_heading\" data-id=\"5293ce5\" data-element_type=\"widget\" data-widget_type=\"aux_modern_heading.default\">\n\t\t\t\t<div class=\"elementor-widget-container\">\n\t\t\t<section class=\"aux-widget-modern-heading\">\n            <div class=\"aux-widget-inner\"><h4 class=\"aux-modern-heading-primary\">commencez avec l'un de nos<\/h4><h1 class=\"aux-modern-heading-secondary\"><span class=\"aux-head-before\">Services En Ligne<\/span><\/h1><div class=\"aux-modern-heading-divider\"><\/div><\/div>\n        <\/section>\t\t<\/div>\n\t\t\t\t<\/div>\n\t\t\t\t\t<\/div>\n\t\t<\/div>\n\t\t\t\t\t<\/div>\n\t\t<\/section>\n\t\t\t\t<section class=\"elementor-section elementor-top-section elementor-element elementor-element-39a9aee elementor-section-boxed elementor-section-height-default elementor-section-height-default\" data-id=\"39a9aee\" data-element_type=\"section\" data-settings=\"{&quot;background_background&quot;:&quot;classic&quot;}\">\n\t\t\t\t\t\t<div class=\"elementor-container elementor-column-gap-no\">\n\t\t\t\t\t<div class=\"aux-parallax-section elementor-column elementor-col-100 elementor-top-column elementor-element elementor-element-f8b1320\" data-id=\"f8b1320\" data-element_type=\"column\">\n\t\t\t<div class=\"elementor-widget-wrap elementor-element-populated\">\n\t\t\t\t\t\t<div class=\"elementor-element elementor-element-81edfc7 aux-appear-watch-animation aux-fade-in elementor-widget elementor-widget-aux_modern_heading\" data-id=\"81edfc7\" data-element_type=\"widget\" data-widget_type=\"aux_modern_heading.default\">\n\t\t\t\t<div class=\"elementor-widget-container\">\n\t\t\t<section class=\"aux-widget-modern-heading\">\n            <div class=\"aux-widget-inner\"><h6 class=\"aux-modern-heading-primary\"><\/h6><h2 class=\"aux-modern-heading-secondary\"><span class=\"aux-head-after\">Nos Services En Ligne<\/span><\/h2><div class=\"aux-modern-heading-divider\"><\/div><\/div>\n        <\/section>\t\t<\/div>\n\t\t\t\t<\/div>\n\t\t\t\t<section class=\"elementor-section elementor-inner-section elementor-element elementor-element-86b4314 elementor-section-boxed elementor-section-height-default elementor-section-height-default\" data-id=\"86b4314\" data-element_type=\"section\">\n\t\t\t\t\t\t<div class=\"elementor-container elementor-column-gap-default\">\n\t\t\t\t\t<div class=\"aux-parallax-section elementor-column elementor-col-100 elementor-inner-column elementor-element elementor-element-b7b2002\" data-id=\"b7b2002\" data-element_type=\"column\">\n\t\t\t<div class=\"elementor-widget-wrap elementor-element-populated\">\n\t\t\t\t\t\t<div class=\"elementor-element elementor-element-bbe180f aux-appear-watch-animation aux-fade-in-up elementor-widget elementor-widget-aux_text\" data-id=\"bbe180f\" data-element_type=\"widget\" data-widget_type=\"aux_text.default\">\n\t\t\t\t<div class=\"elementor-widget-container\">\n\t\t\t<section class=\"widget-container aux-widget-text aux-parent-aud2706c65\">        <div class=\"aux-widget-advanced-text aux-wrap-style-simple aux-ico-pos-top aux-text-center aux-text-resp-center aux-text-color-dark aux-text-widget-bg-center  \" >\n        \n                            <div class=\"aux-text-widget-header \"  >\n                        <div class=\"aux-ico-box aux-ico-large aux-ico-shape-circle aux-ico-clear \">\n                                                            <span class=\"aux-ico auxicon auxicon-iphone-streamline\" > <\/span>\n                                                    <\/div>\n                <\/div>\n            \n            <div class=\"aux-text-inner aux-text-widget-content\">\n                                <h4 class=\"col-title\">Consultations Orales<\/h4>\n                                <div class=\"widget-content\">\n                                        <p>Notre service de conseil juridique oral est con\u00e7u pour r\u00e9pondre \u00e0 vos besoins en mati\u00e8re de droit. Avec une exp\u00e9rience solide dans divers domaines juridiques et un engagement ind\u00e9fectible envers l'excellence, nous sommes d\u00e9termin\u00e9s \u00e0 fournir des conseils clairs, pr\u00e9cis et adapt\u00e9s \u00e0 votre situation.<br \/>Ce service vous permet de prendre rendez-vous pour un entretien t\u00e9l\u00e9phonique d'une dur\u00e9e maximale de vingt minutes, au cours duquel vous pourrez comprendre tous les aspects juridiques de votre affaire et obtenir de bons conseils juridiques.<br \/>Le paiement d'effectue \u00e0 l'avance via mondat-minute uniquement.<\/p>                <\/div>\n                            <\/div>\n        <\/div>\n                    <div class=\"aux-text-widget-footer\">\n                <div class=\"aux-border-shape-none \">\n                                <\/div>\n            <\/div>\n        \n<\/section><!-- widget-container -->\t\t<\/div>\n\t\t\t\t<\/div>\n\t\t\t\t<div class=\"elementor-element elementor-element-fa6d313 aux-appear-watch-animation aux-fade-in-up elementor-widget elementor-widget-aux_text\" data-id=\"fa6d313\" data-element_type=\"widget\" data-widget_type=\"aux_text.default\">\n\t\t\t\t<div class=\"elementor-widget-container\">\n\t\t\t<section class=\"widget-container aux-widget-text aux-parent-aub8da06ad\">        <div class=\"aux-widget-advanced-text aux-wrap-style-simple aux-ico-pos-top aux-text-center aux-text-resp-center aux-text-color-dark aux-text-widget-bg-center  \" >\n        \n                            <div class=\"aux-text-widget-header \"  >\n                        <div class=\"aux-ico-box aux-ico-large aux-ico-shape-circle aux-ico-clear \">\n                                                            <span class=\"aux-ico auxicon auxicon-file\" > <\/span>\n                                                    <\/div>\n                <\/div>\n            \n            <div class=\"aux-text-inner aux-text-widget-content\">\n                                <h4 class=\"col-title\">Consultation sur pi\u00e8ces<\/h4>\n                                <div class=\"widget-content\">\n                                        <p>Apr\u00e8s une premi\u00e8re prise de contact, vous pourrez nous envoyer tous les documents pertinents \u00e0 l'analyse de votre dossier.<br \/>Nous effectuerons une analyse d\u00e9taill\u00e9e de votre situation et r\u00e9digerons un avis juridique complet.<\/p><p>Vous recevrez votre consultation \u00e9crite par email dans 48h \u00e0 plus tard avec toutes les explications n\u00e9cessaires pour comprendre et agir en cons\u00e9quence.<\/p><p>Ces consultations peuvent aboutir \u00e0 des entretiens directs \u00e0 notre cabinet pour ouvrir des dossiers et introduire des affaires en justice, d'o\u00f9 leur importance.<\/p>                <\/div>\n                            <\/div>\n        <\/div>\n                    <div class=\"aux-text-widget-footer\">\n                <div class=\"aux-border-shape-none \">\n                                <\/div>\n            <\/div>\n        \n<\/section><!-- widget-container -->\t\t<\/div>\n\t\t\t\t<\/div>\n\t\t\t\t<div class=\"elementor-element elementor-element-f5b832c aux-appear-watch-animation aux-fade-in-up elementor-widget elementor-widget-aux_text\" data-id=\"f5b832c\" data-element_type=\"widget\" data-widget_type=\"aux_text.default\">\n\t\t\t\t<div class=\"elementor-widget-container\">\n\t\t\t<section class=\"widget-container aux-widget-text aux-parent-au27bc8a12\">        <div class=\"aux-widget-advanced-text aux-wrap-style-simple aux-ico-pos-top aux-text-center aux-text-resp-center aux-text-color-dark aux-text-widget-bg-center  \" >\n        \n                            <div class=\"aux-text-widget-header \"  >\n                        <div class=\"aux-ico-box aux-ico-large aux-ico-shape-circle aux-ico-clear \">\n                                                            <span class=\"aux-ico auxicon auxicon-law\" > <\/span>\n                                                    <\/div>\n                <\/div>\n            \n            <div class=\"aux-text-inner aux-text-widget-content\">\n                                <h4 class=\"col-title\">R\u00e8glement Des Litiges<\/h4>\n                                <div class=\"widget-content\">\n                                        <p>Notre objectif est de vous aider \u00e0 r\u00e9soudre vos diff\u00e9rends de mani\u00e8re efficace, \u00e9conomique et respectueuse, en \u00e9vitant les tracas et les co\u00fbts d'un proc\u00e8s.<br \/>Nous proposons la m\u00e9diation, la r\u00e8glement \u00e0 l'amiable et de l'arbitrage.<br \/><br \/><\/p><p><strong><span style=\"text-decoration: underline;\">Pourquoi choisir nos services ?<br \/><br \/><\/span><\/strong><\/p><p><strong>Expertise en M\u00e9diation :<br \/><br \/><\/strong><\/p><p>En tant que m\u00e9diateurs qualifi\u00e9s, nous facilitons les discussions entre les parties pour trouver une solution mutuellement acceptable, tout en pr\u00e9servant les relations personnelles et professionnelles.<br \/><br \/><\/p><p><strong>Efficacit\u00e9 du R\u00e8glement \u00e0 l'Amiable :<br \/><\/strong> <br \/>Nous nous engageons \u00e0 n\u00e9gocier des accords amiables qui r\u00e9pondent aux besoins et aux int\u00e9r\u00eats de toutes les parties impliqu\u00e9es, \u00e9vitant ainsi les d\u00e9lais et les co\u00fbts d'une proc\u00e9dure judiciaire.<br \/><br \/><\/p><p><strong>Comp\u00e9tence en Arbitrage :<br \/><\/strong> <br \/>En mati\u00e8re arbitrale, nous proposons une alternative priv\u00e9e et confidentielle au litige judiciaire, offrant des d\u00e9cisions rapides et ex\u00e9cutoires sur les diff\u00e9rends.<\/p>                <\/div>\n                            <\/div>\n        <\/div>\n                    <div class=\"aux-text-widget-footer\">\n                <div class=\"aux-border-shape-none \">\n                                <\/div>\n            <\/div>\n        \n<\/section><!-- widget-container -->\t\t<\/div>\n\t\t\t\t<\/div>\n\t\t\t\t\t<\/div>\n\t\t<\/div>\n\t\t\t\t\t<\/div>\n\t\t<\/section>\n\t\t\t\t\t<\/div>\n\t\t<\/div>\n\t\t\t\t\t<\/div>\n\t\t<\/section>\n\t\t\t\t<section class=\"elementor-section elementor-top-section elementor-element elementor-element-4c3da7a elementor-hidden-desktop elementor-hidden-tablet elementor-hidden-mobile elementor-section-boxed elementor-section-height-default elementor-section-height-default\" data-id=\"4c3da7a\" data-element_type=\"section\">\n\t\t\t\t\t\t<div class=\"elementor-container elementor-column-gap-default\">\n\t\t\t\t\t<div class=\"aux-parallax-section elementor-column elementor-col-100 elementor-top-column elementor-element elementor-element-91bdb91\" data-id=\"91bdb91\" data-element_type=\"column\">\n\t\t\t<div class=\"elementor-widget-wrap elementor-element-populated\">\n\t\t\t\t\t\t<div class=\"elementor-element elementor-element-74ec100 elementor-widget elementor-widget-image\" data-id=\"74ec100\" data-element_type=\"widget\" data-widget_type=\"image.default\">\n\t\t\t\t<div class=\"elementor-widget-container\">\n\t\t\t\t\t\t\t\t\t\t\t\t\t<img fetchpriority=\"high\" decoding=\"async\" width=\"1024\" height=\"615\" src=\"https:\/\/olfabenhamouda.com\/wp-content\/uploads\/2024\/05\/mba-after-law-llb-1-1024x615.jpg\" class=\"attachment-large size-large wp-image-287\" alt=\"\" \/>\t\t\t\t\t\t\t\t\t\t\t\t\t<\/div>\n\t\t\t\t<\/div>\n\t\t\t\t\t<\/div>\n\t\t<\/div>\n\t\t\t\t\t<\/div>\n\t\t<\/section>\n\t\t\t\t<\/div>\n\t\t","protected":false},"excerpt":{"rendered":"<p>commencez avec l&#8217;un de nos Services En Ligne Learn more Trade Cryptocurrency 0x6c3f5b810egcd670172f068fefd9g7fefc85b431 The following address is for the STMX token contract. It is NOT a deposit. Who controls the Bitcoin network? Bitcoin is the first implementation of a concept called &#8220;cryptocurrency&#8221;, which was first described in 1998 by Wei Dai. Is Bitcoin useful for [&hellip;]<\/p>\n","protected":false},"author":1,"featured_media":0,"parent":0,"menu_order":0,"comment_status":"closed","ping_status":"closed","template":"templates\/page-builder-content.php","meta":{"footnotes":""},"class_list":["post-161","page","type-page","status-publish","hentry"],"yoast_head":"<!-- This site is optimized with the Yoast SEO plugin v22.8 - https:\/\/yoast.com\/wordpress\/plugins\/seo\/ -->\n<title>Services - Services En Ligne<\/title>\n<meta name=\"description\" content=\"Nos Services En Ligne sont Consultations Orales, Consultation sur pi\u00e8ces, R\u00e8glement Des Litiges : M\u00e9diation, R\u00e8glement \u00e0 l&#039;Amiable, Arbitrage\" \/>\n<meta name=\"robots\" content=\"index, follow, max-snippet:-1, max-image-preview:large, max-video-preview:-1\" \/>\n<link rel=\"canonical\" href=\"https:\/\/olfabenhamouda.com\/index.php\/services-en-ligne\/\" \/>\n<meta property=\"og:locale\" content=\"en_GB\" \/>\n<meta property=\"og:type\" content=\"article\" \/>\n<meta property=\"og:title\" content=\"Services - Services En Ligne\" \/>\n<meta property=\"og:description\" content=\"Nos Services En Ligne sont Consultations Orales, Consultation sur pi\u00e8ces, R\u00e8glement Des Litiges : M\u00e9diation, R\u00e8glement \u00e0 l&#039;Amiable, Arbitrage\" \/>\n<meta property=\"og:url\" content=\"https:\/\/olfabenhamouda.com\/index.php\/services-en-ligne\/\" \/>\n<meta property=\"article:publisher\" content=\"https:\/\/www.facebook.com\/olfa.benhamouda.33\" \/>\n<meta property=\"article:modified_time\" content=\"2024-06-18T20:27:00+00:00\" \/>\n<meta property=\"og:image\" content=\"http:\/\/olfabenhamouda.com\/wp-content\/uploads\/elementor\/thumbs\/golden-bitcoins-digital-cryptocurrency-P58BTQC-qo5h2x862at3rm30t04blnvt9h7xtpmrcz7q75t9me.jpg\" \/>\n<meta name=\"twitter:card\" content=\"summary_large_image\" \/>\n<meta name=\"twitter:label1\" content=\"Estimated reading time\" \/>\n\t<meta name=\"twitter:data1\" content=\"4 minutes\" \/>\n<script type=\"application\/ld+json\" class=\"yoast-schema-graph\">{\"@context\":\"https:\/\/schema.org\",\"@graph\":[{\"@type\":\"WebPage\",\"@id\":\"https:\/\/olfabenhamouda.com\/index.php\/services-en-ligne\/\",\"url\":\"https:\/\/olfabenhamouda.com\/index.php\/services-en-ligne\/\",\"name\":\"Services - Services En Ligne\",\"isPartOf\":{\"@id\":\"https:\/\/olfabenhamouda.com\/#website\"},\"primaryImageOfPage\":{\"@id\":\"https:\/\/olfabenhamouda.com\/index.php\/services-en-ligne\/#primaryimage\"},\"image\":{\"@id\":\"https:\/\/olfabenhamouda.com\/index.php\/services-en-ligne\/#primaryimage\"},\"thumbnailUrl\":\"http:\/\/olfabenhamouda.com\/wp-content\/uploads\/elementor\/thumbs\/golden-bitcoins-digital-cryptocurrency-P58BTQC-qo5h2x862at3rm30t04blnvt9h7xtpmrcz7q75t9me.jpg\",\"datePublished\":\"2018-10-17T11:48:16+00:00\",\"dateModified\":\"2024-06-18T20:27:00+00:00\",\"description\":\"Nos Services En Ligne sont Consultations Orales, Consultation sur pi\u00e8ces, R\u00e8glement Des Litiges : M\u00e9diation, R\u00e8glement \u00e0 l'Amiable, Arbitrage\",\"breadcrumb\":{\"@id\":\"https:\/\/olfabenhamouda.com\/index.php\/services-en-ligne\/#breadcrumb\"},\"inLanguage\":\"en-GB\",\"potentialAction\":[{\"@type\":\"ReadAction\",\"target\":[\"https:\/\/olfabenhamouda.com\/index.php\/services-en-ligne\/\"]}]},{\"@type\":\"ImageObject\",\"inLanguage\":\"en-GB\",\"@id\":\"https:\/\/olfabenhamouda.com\/index.php\/services-en-ligne\/#primaryimage\",\"url\":\"http:\/\/olfabenhamouda.com\/wp-content\/uploads\/elementor\/thumbs\/golden-bitcoins-digital-cryptocurrency-P58BTQC-qo5h2x862at3rm30t04blnvt9h7xtpmrcz7q75t9me.jpg\",\"contentUrl\":\"http:\/\/olfabenhamouda.com\/wp-content\/uploads\/elementor\/thumbs\/golden-bitcoins-digital-cryptocurrency-P58BTQC-qo5h2x862at3rm30t04blnvt9h7xtpmrcz7q75t9me.jpg\"},{\"@type\":\"BreadcrumbList\",\"@id\":\"https:\/\/olfabenhamouda.com\/index.php\/services-en-ligne\/#breadcrumb\",\"itemListElement\":[{\"@type\":\"ListItem\",\"position\":1,\"name\":\"Home\",\"item\":\"https:\/\/olfabenhamouda.com\/\"},{\"@type\":\"ListItem\",\"position\":2,\"name\":\"Services\"}]},{\"@type\":\"WebSite\",\"@id\":\"https:\/\/olfabenhamouda.com\/#website\",\"url\":\"https:\/\/olfabenhamouda.com\/\",\"name\":\"olfabenhamouda\",\"description\":\"\",\"publisher\":{\"@id\":\"https:\/\/olfabenhamouda.com\/#organization\"},\"potentialAction\":[{\"@type\":\"SearchAction\",\"target\":{\"@type\":\"EntryPoint\",\"urlTemplate\":\"https:\/\/olfabenhamouda.com\/?s={search_term_string}\"},\"query-input\":\"required name=search_term_string\"}],\"inLanguage\":\"en-GB\"},{\"@type\":\"Organization\",\"@id\":\"https:\/\/olfabenhamouda.com\/#organization\",\"name\":\"Cabinet Avocate Olfa Ben Hamouda\",\"url\":\"https:\/\/olfabenhamouda.com\/\",\"logo\":{\"@type\":\"ImageObject\",\"inLanguage\":\"en-GB\",\"@id\":\"https:\/\/olfabenhamouda.com\/#\/schema\/logo\/image\/\",\"url\":\"https:\/\/olfabenhamouda.com\/wp-content\/uploads\/2024\/05\/bc4fd4b0.ico\",\"contentUrl\":\"https:\/\/olfabenhamouda.com\/wp-content\/uploads\/2024\/05\/bc4fd4b0.ico\",\"width\":48,\"height\":48,\"caption\":\"Cabinet Avocate Olfa Ben Hamouda\"},\"image\":{\"@id\":\"https:\/\/olfabenhamouda.com\/#\/schema\/logo\/image\/\"},\"sameAs\":[\"https:\/\/www.facebook.com\/olfa.benhamouda.33\",\"https:\/\/www.linkedin.com\/in\/olfa-ben-hamouda-500a26173\/\"]}]}<\/script>\n<!-- \/ Yoast SEO plugin. -->","yoast_head_json":{"title":"Services - Services En Ligne","description":"Nos Services En Ligne sont Consultations Orales, Consultation sur pi\u00e8ces, R\u00e8glement Des Litiges : M\u00e9diation, R\u00e8glement \u00e0 l'Amiable, Arbitrage","robots":{"index":"index","follow":"follow","max-snippet":"max-snippet:-1","max-image-preview":"max-image-preview:large","max-video-preview":"max-video-preview:-1"},"canonical":"https:\/\/olfabenhamouda.com\/index.php\/services-en-ligne\/","og_locale":"en_GB","og_type":"article","og_title":"Services - Services En Ligne","og_description":"Nos Services En Ligne sont Consultations Orales, Consultation sur pi\u00e8ces, R\u00e8glement Des Litiges : M\u00e9diation, R\u00e8glement \u00e0 l'Amiable, Arbitrage","og_url":"https:\/\/olfabenhamouda.com\/index.php\/services-en-ligne\/","article_publisher":"https:\/\/www.facebook.com\/olfa.benhamouda.33","article_modified_time":"2024-06-18T20:27:00+00:00","og_image":[{"url":"http:\/\/olfabenhamouda.com\/wp-content\/uploads\/elementor\/thumbs\/golden-bitcoins-digital-cryptocurrency-P58BTQC-qo5h2x862at3rm30t04blnvt9h7xtpmrcz7q75t9me.jpg"}],"twitter_card":"summary_large_image","twitter_misc":{"Estimated reading time":"4 minutes"},"schema":{"@context":"https:\/\/schema.org","@graph":[{"@type":"WebPage","@id":"https:\/\/olfabenhamouda.com\/index.php\/services-en-ligne\/","url":"https:\/\/olfabenhamouda.com\/index.php\/services-en-ligne\/","name":"Services - Services En Ligne","isPartOf":{"@id":"https:\/\/olfabenhamouda.com\/#website"},"primaryImageOfPage":{"@id":"https:\/\/olfabenhamouda.com\/index.php\/services-en-ligne\/#primaryimage"},"image":{"@id":"https:\/\/olfabenhamouda.com\/index.php\/services-en-ligne\/#primaryimage"},"thumbnailUrl":"http:\/\/olfabenhamouda.com\/wp-content\/uploads\/elementor\/thumbs\/golden-bitcoins-digital-cryptocurrency-P58BTQC-qo5h2x862at3rm30t04blnvt9h7xtpmrcz7q75t9me.jpg","datePublished":"2018-10-17T11:48:16+00:00","dateModified":"2024-06-18T20:27:00+00:00","description":"Nos Services En Ligne sont Consultations Orales, Consultation sur pi\u00e8ces, R\u00e8glement Des Litiges : M\u00e9diation, R\u00e8glement \u00e0 l'Amiable, Arbitrage","breadcrumb":{"@id":"https:\/\/olfabenhamouda.com\/index.php\/services-en-ligne\/#breadcrumb"},"inLanguage":"en-GB","potentialAction":[{"@type":"ReadAction","target":["https:\/\/olfabenhamouda.com\/index.php\/services-en-ligne\/"]}]},{"@type":"ImageObject","inLanguage":"en-GB","@id":"https:\/\/olfabenhamouda.com\/index.php\/services-en-ligne\/#primaryimage","url":"http:\/\/olfabenhamouda.com\/wp-content\/uploads\/elementor\/thumbs\/golden-bitcoins-digital-cryptocurrency-P58BTQC-qo5h2x862at3rm30t04blnvt9h7xtpmrcz7q75t9me.jpg","contentUrl":"http:\/\/olfabenhamouda.com\/wp-content\/uploads\/elementor\/thumbs\/golden-bitcoins-digital-cryptocurrency-P58BTQC-qo5h2x862at3rm30t04blnvt9h7xtpmrcz7q75t9me.jpg"},{"@type":"BreadcrumbList","@id":"https:\/\/olfabenhamouda.com\/index.php\/services-en-ligne\/#breadcrumb","itemListElement":[{"@type":"ListItem","position":1,"name":"Home","item":"https:\/\/olfabenhamouda.com\/"},{"@type":"ListItem","position":2,"name":"Services"}]},{"@type":"WebSite","@id":"https:\/\/olfabenhamouda.com\/#website","url":"https:\/\/olfabenhamouda.com\/","name":"olfabenhamouda","description":"","publisher":{"@id":"https:\/\/olfabenhamouda.com\/#organization"},"potentialAction":[{"@type":"SearchAction","target":{"@type":"EntryPoint","urlTemplate":"https:\/\/olfabenhamouda.com\/?s={search_term_string}"},"query-input":"required name=search_term_string"}],"inLanguage":"en-GB"},{"@type":"Organization","@id":"https:\/\/olfabenhamouda.com\/#organization","name":"Cabinet Avocate Olfa Ben Hamouda","url":"https:\/\/olfabenhamouda.com\/","logo":{"@type":"ImageObject","inLanguage":"en-GB","@id":"https:\/\/olfabenhamouda.com\/#\/schema\/logo\/image\/","url":"https:\/\/olfabenhamouda.com\/wp-content\/uploads\/2024\/05\/bc4fd4b0.ico","contentUrl":"https:\/\/olfabenhamouda.com\/wp-content\/uploads\/2024\/05\/bc4fd4b0.ico","width":48,"height":48,"caption":"Cabinet Avocate Olfa Ben Hamouda"},"image":{"@id":"https:\/\/olfabenhamouda.com\/#\/schema\/logo\/image\/"},"sameAs":["https:\/\/www.facebook.com\/olfa.benhamouda.33","https:\/\/www.linkedin.com\/in\/olfa-ben-hamouda-500a26173\/"]}]}},"_links":{"self":[{"href":"https:\/\/olfabenhamouda.com\/index.php\/wp-json\/wp\/v2\/pages\/161","targetHints":{"allow":["GET"]}}],"collection":[{"href":"https:\/\/olfabenhamouda.com\/index.php\/wp-json\/wp\/v2\/pages"}],"about":[{"href":"https:\/\/olfabenhamouda.com\/index.php\/wp-json\/wp\/v2\/types\/page"}],"author":[{"embeddable":true,"href":"https:\/\/olfabenhamouda.com\/index.php\/wp-json\/wp\/v2\/users\/1"}],"replies":[{"embeddable":true,"href":"https:\/\/olfabenhamouda.com\/index.php\/wp-json\/wp\/v2\/comments?post=161"}],"version-history":[{"count":37,"href":"https:\/\/olfabenhamouda.com\/index.php\/wp-json\/wp\/v2\/pages\/161\/revisions"}],"predecessor-version":[{"id":637,"href":"https:\/\/olfabenhamouda.com\/index.php\/wp-json\/wp\/v2\/pages\/161\/revisions\/637"}],"wp:attachment":[{"href":"https:\/\/olfabenhamouda.com\/index.php\/wp-json\/wp\/v2\/media?parent=161"}],"curies":[{"name":"wp","href":"https:\/\/api.w.org\/{rel}","templated":true}]}}